 + 2). Let f be (-27)/(-12)*i/(-6). Calculate the highest common divisor of 21 and f.
21
Let h be (-14)/(-1)*3/6. Let a = -93 + 50. Let z = 92 + a. Calculate the highest common factor of z and h.
7
Let z be (-2 + 0)*(-6)/4. Suppose -3*j - 22 = -169. Suppose -412 = -z*m - j. What is the greatest common divisor of m and 11?
11
Let t(o) = o**3 - 2*o**2 - 2*o. Let m be t(4). Suppose 0 = -2*c - 2*x + m, -2*c + 5*x = -0 - 10. What is the greatest common divisor of c and 5?
5
Let g(c) = -3*c + 3. Let j be g(-1). What is the highest common divisor of 2 and j?
2
Let x = 51 + -50. Calculate the highest common divisor of x and 5.
1
Let c(b) = -b**2 - 13*b - 11. Let i be c(-9). Let z = -10 + i. What is the greatest common factor of z and 105?
15
Let s(z) = -36*z**3 + 40*z - 40*z. Let j be s(-1). Calculate the greatest common divisor of j and 9.
9
Let c = 2 + 4. Let b be (1 - 0)/(c/258). Suppose -2*u = -4*o + 92, -b - 62 = -5*o + 5*u. What is the greatest common factor of o and 10?
5
Suppose 2*d - 163 = -5*t, 2*d - 174 + 44 = -4*t. Let j(g) = -g**3 - 2*g**2 + 2*g. Let q be j(-3). Calculate the greatest common factor of q and t.
3
Let p = 50 + -35. What is the greatest common divisor of 120 and p?
15
Let a = 4 - 2. Suppose -44 = -2*d - a*d. What is the greatest common divisor of d and 33?
11
Let d = 70 + -26. Let h = 20 + d. Suppose 4*g - 24 = 40. What is the highest common factor of g and h?
16
Suppose -4*u - 1 + 9 = 0. Let w be 0 - u - (6 - 78). Calculate the highest common divisor of w and 28.
14
Let s(g) = -g**3 + 7*g - 1. Let d be s(-3). Calculate the greatest common factor of 25 and d.
5
Let k be (-498)/(-14) - 8/14. Calculate the highest common factor of k and 5.
5
Let g(s) be the second derivative of 5*s**3/2 + s**2 - 3*s. Let u be g(2). What is the greatest common factor of 48 and u?
16
Suppose -n = 4*m - 4, -n - m + 29 = n. Suppose -p + 26 = 2*u, -5*p + 2*u = u - 75. What is the highest common divisor of p and n?
16
Suppose -87 = -2*g + 4*x + 37, -3*x = -3*g + 177. What is the greatest common factor of 7 and g?
7
Let y(o) = -o**3 + 3*o**2 + 5*o - 1. Suppose 16 = -0*c + 4*c. Let g be y(c). Let i be 0 + 0/g + 2. Calculate the greatest common factor of 14 and i.
2
Let n(u) = -17*u. Let o(q) = -16*q. Let v(r) = -5*n(r) + 4*o(r). Let b be v(3). What is the greatest common divisor of 7 and b?
7
Suppose 3*u + 3*x - 4*x = 1084, 0 = 2*u - 5*x - 740. Suppose 5*l + 6*a - u = a, -2*a = 0. What is the greatest common divisor of l and 9?
9
Let g be (-9)/36 - (-29)/4. Calculate the greatest common factor of g and 63.
7
Suppose y = -5*a + 79, -3*a + 21 = -3*y - 30. Calculate the highest common divisor of 4 and a.
4
Let y(u) be the second derivative of -u**3/2 - 3*u**2/2 - u. Let r be y(-3). Suppose 0 = 4*t + t - 210. What is the highest common divisor of r and t?
6
Let j be (-6)/21 - (-4)/14. Suppose j = 2*h - 0 + 2. Let l be (h + 2 + 0)*2. What is the highest common factor of l and 14?
2
Let c = 71 + -39. Let h(y) = 3 + 1 - 9*y**3 + 8*y**3. Let s be h(0). What is the greatest common factor of s and c?
4
Suppose 2*r + 12 = 5*o - 4, 4*r = -4*o - 4. Suppose 3*v = 4*u + 56, 0*u - u = o*v - 41. What is the greatest common factor of 4 and v?
4
Suppose -180 = -3*m + 249. What is the highest common divisor of m and 13?
13
Let d be -2 - (2 - (-42)/(-3)). Let z(i) = 3*i - 12. Let w be z(d). Calculate the greatest common divisor of 27 and w.
9
Suppose 16 = 2*a - a. Let k be 9/2 - (-3)/(-6). Suppose 0 = -k*l - 5*f + 69, 0 = -0*l - l - 5*f + 21. Calculate the highest common divisor of a and l.
16
Let o = 112 - 78. Calculate the highest common divisor of 34 and o.
34
Let h = 3 + -3. Suppose h = -2*v - v. Suppose -w + 10 = 4*y - 5*y, v = -w + 2*y + 12. Calculate the highest common divisor of 40 and w.
8
Suppose -2*g - 127 = j - 4*j, j - 4*g - 29 = 0. Suppose u - 46 = 4*c, -u - 2*u - 18 = c. Let i be 3*(-4)/(16/c). What is the highest common divisor of j and i?
9
Suppose -2*o + o + 75 = 0. Let b = o + -15. Let s(n) = 4*n - 9. Let l be s(6). What is the greatest common factor of b and l?
15
Suppose -84 = -8*j + 36. Calculate the highest common divisor of 5 and j.
5
Let i be (216/(-10))/(((-48)/(-30))/(-8)). Calculate the highest common factor of 27 and i.
27
Suppose -o - h - 2 = -5, 2*h + 29 = 5*o. Calculate the highest common divisor of 25 and o.
5
Suppose 5*q = 2*q + 21. Suppose 475 = -6*b + b. Let s = b + 158. Calculate the greatest common factor of s and q.
7
Let g(v) = 4 - 4*v**2 + 3*v**3 + 5*v - 8 + 0*v. Let c = 1 - -2. Let f be g(c). What is the greatest common divisor of 8 and f?
8
Suppose m + 3*m = 84. Suppose 0 = -2*f + m + 9. Calculate the highest common divisor of 105 and f.
15
Let t be -6*-33*(-8)/(-36). Let m = -13 + t. Calculate the greatest common divisor of 279 and m.
31
Suppose 3*j = d - 3*d + 46, 73 = 4*j + 5*d. Let k = 26 + j. What is the greatest common factor of k and 19?
19
Let b(r) = -2*r - 16. Let f(m) = m + 8. Let q(x) = -3*b(x) - 7*f(x). Let c be q(-10). Let t = 9 + 7. Calculate the greatest common divisor of t and c.
2
Let f be 8/(-56) + (-85)/(-7). What is the greatest common factor of 4 and f?
4
Suppose 5*y = 2*l + 4*y - 9, -5*l - 2*y = 0. Let t be 37 + -5 + 6/2. Suppose -9 = -4*z - 5*g + 6, g = 3*z - t. What is the greatest common factor of l and z?
2
Let u(p) = 5*p**3 + 4*p**2 - 4*p + 2. Let g be u(2). What is the highest common divisor of 75 and g?
25
Suppose -7*s + 272 + 344 = 0. What is the highest common factor of 44 and s?
44
Let x be 2 - (3 - (4 - 6)). Let y be (-1)/x - (-1926)/54. Calculate the highest common factor of 9 and y.
9
Let c(w) = 42*w - 6. Let y be c(4). Suppose 0 = 2*t + 3*f - y, 3*t + 3*f - 330 = -t. Calculate the highest common divisor of t and 12.
12
Suppose 0 = n + 3*n - 28. What is the highest common factor of 119 and n?
7
Let i = -12 - -22. Suppose 2*v + 2 - 10 = 0. Let u(x) = 2*x**3 - 4*x**2 + 5*x - 4. Let j be u(v). What is the highest common factor of j and i?
10
Let i(v) = -6*v - 9. Let r = 1 + -8. Let s be i(r). Suppose 3*g = -2*f + 28 + 13, 2*f - 8 = 0. What is the highest common divisor of g and s?
11
Let t = -1 - -5. Calculate the highest common factor of 16 and t.
4
Suppose 4*i - 4*p = -104, -3*i + p - 2*p - 86 = 0. Let q = i - -48. Let j(h) = -h**2 - 11*h. Let v be j(-6). Calculate the highest common divisor of q and v.
10
Let l = 20 + -8. Let x be 2 + (-2 + 3 - 0). Suppose x*s = s + 12. Calculate the greatest common factor of l and s.
6
Let n = 94 + -29. Let p = n + -41. What is the highest common factor of 12 and p?
12
Let z = 4 + 22. Calculate the highest common divisor of z and 182.
26
Suppose 3*a = -33 + 81. What is the highest common divisor of 40 and a?
8
Let t(m) = 2*m**3 - 2*m**2 + m - 1. Let r be t(2). Calculate the highest common divisor of 45 and r.
9
Let g be (405/(-18))/(1/(-2)). Calculate the greatest common divisor of 5 and g.
5
Let y(k) = 6 + 4 - 4*k**2 - k**3 - 6. Let x be y(-4). Suppose -16 = -3*d + d. Calculate the greatest common divisor of d and x.
4
Suppose 2*b - 3*j = -2*b - 13, 2*j = -3*b - 14. Let g(z) = 6*z**2 + 6*z. Let v be g(b). Calculate the highest common factor of 8 and v.
8
Let o be -14*(-3 - (-5)/2 - 1). What is the greatest common divisor of o and 147?
21
Suppose 0*l = -3*l + 42. What is the highest common divisor of 2 and l?
2
Let l be 5810/34 - (-2)/17. What is the greatest common factor of 19 and l?
19
Let w(n) = -7*n**3 - 3*n**2 + 1. Let f be w(-2). Calculate the highest common factor of f and 18.
9
Let w = 24 - 4. Suppose -c = -l + 1 - 3, -5*c + 16 = -2*l. Let k be (l/(-6))/(2/(-30)). What is the greatest common divisor of k and w?
5
Let s = -6 + 8. Suppose 0 = d + s*d - 42. Let o be (-2)/5*(-34 + -1). What is the highest common divisor of d and o?
14
Suppose -3*o - 52 = -7*o - 5*w, 5*o - 5*w - 110 = 0. Calculate the greatest common divisor of o and 90.
18
Suppose 5*f - 28 = 17. Let c be 6/(-24) - 33/(-4). Let o = c - -28. Calculate the greatest common factor of o and f.
9
Suppose -3*f = 2*b - 56, 4*b + 90 = 5*f + 9*b. What is the highest common divisor of f and 20?
20
Suppose -90 = 10*o - 20*o. What is the highest common factor of o and 153?
9
Suppose w + 20 = -29. Let u = -29 - w. What is the greatest common factor of u and 50?
10
Suppose 4*u + 2*v = 7*u - 19, -2*u 